rime factors of 939208.
2, 19, 37, 167
What are the prime factors of 242251?
157, 1543
What are the prime factors of 815757?
3, 271919
List the prime factors of 11792032.
2, 7, 61, 863
List the prime factors of 152562.
2, 3, 47, 541
What are the prime factors of 506868?
2, 3, 42239
List the prime factors of 103663.
7, 59, 251
List the prime factors of 302032.
2, 43, 439
List the prime factors of 326239.
311, 1049
What are the prime factors of 2247149?
19, 101, 1171
List the prime factors of 316389.
3, 263, 401
List the prime factors of 5708305.
5, 1141661
List the prime factors of 5693321.
257, 22153
What are the prime factors of 896728?
2, 7, 67, 239
List the prime factors of 17197351.
83, 207197
What are the prime factors of 6742014?
2, 3, 1123669
List the prime factors of 20385331.
2311, 8821
What are the prime factors of 45118?
2, 17, 1327
What are the prime factors of 29121?
3, 17, 571
What are the prime factors of 76663?
31, 2473
List the prime factors of 231127.
13, 23, 773
What are the prime factors of 21429916?
2, 5357479
List the prime factors of 127175.
5, 5087
List the prime factors of 237067.
237067
List the prime factors of 197439.
3, 11, 31, 193
What are the prime factors of 120188?
2, 30047
List the prime factors of 763047.
3, 59, 479
What are the prime factors of 92942?
2, 46471
List the prime factors of 8584893.
3, 317959
List the prime factors of 569116.
2, 79, 1801
What are the prime factors of 3927329?
7, 561047
What are the prime factors of 535609?
535609
List the prime factors of 1884764.
2, 7, 83, 811
What are the prime factors of 2526471?
3, 37, 281
List the prime factors of 3517540.
2, 5, 13, 83, 163
List the prime factors of 8886865.
5, 13, 809
List the prime factors of 469942.
2, 11, 41, 521
What are the prime factors of 7874260?
2, 5, 393713
What are the prime factors of 28097209?
7, 17, 236111
List the prime factors of 844037.
19, 31, 1433
What are the prime factors of 93366?
2, 3, 7, 13, 19
List the prime factors of 1257539.
317, 3967
List the prime factors of 126450.
2, 3, 5, 281
List the prime factors of 8377501.
11, 761591
List the prime factors of 1293651.
3, 15971
What are the prime factors of 1570123?
1570123
What are the prime factors of 32254840?
2, 5, 806371
List the prime factors of 16838649.
3, 1870961
What are the prime factors of 7078708?
2, 7, 13, 19447
What are the prime factors of 460082?
2, 7, 59, 557
What are the prime factors of 711246?
2, 3, 17, 19, 367
List the prime factors of 100175.
5, 4007
List the prime factors of 10255822.
2, 41, 181, 691
List the prime factors of 2478571.
173, 14327
What are the prime factors of 4941155?
5, 988231
List the prime factors of 851690.
2, 5, 7, 23
What are the prime factors of 127688?
2, 11, 1451
What are the prime factors of 317645?
5, 17, 37, 101
What are the prime factors of 352068?
2, 3, 29339
List the prime factors of 18695.
5, 3739
List the prime factors of 7033085.
5, 1406617
List the prime factors of 92132.
2, 31, 743
What are the prime factors of 1337971?
1337971
List the prime factors of 172369.
97, 1777
List the prime factors of 8436999.
3, 29, 37, 2621
List the prime factors of 14926177.
7, 2132311
What are the prime factors of 696398?
2, 67, 5197
List the prime factors of 186822.
2, 3, 97, 107
What are the prime factors of 690641?
7, 98663
List the prime factors of 849746.
2, 479, 887
What are the prime factors of 1105889?
347, 3187
List the prime factors of 1421807.
67, 21221
List the prime factors of 11828364.
2, 3, 431, 2287
What are the prime factors of 167442?
2, 3, 11, 43, 59
What are the prime factors of 183676?
2, 47, 977
What are the prime factors of 1915465?
5, 101, 3793
What are the prime factors of 20061785?
5, 17, 236021
List the prime factors of 72682.
2, 36341
List the prime factors of 2851025.
5, 114041
What are the prime factors of 213201?
3, 23689
What are the prime factors of 87651?
3, 9739
What are the prime factors of 796165?
5, 159233
List the prime factors of 2289546.
2, 3, 7, 673
List the prime factors of 204482.
2, 102241
What are the prime factors of 47963?
47963
What are the prime factors of 13016626?
2, 7, 67, 13877
What are the prime factors of 53160?
2, 3, 5, 443
List the prime factors of 354287.
347, 1021
List the prime factors of 314427.
3, 163, 643
What are the prime factors of 1551204?
2, 3, 53, 271
What are the prime factors of 11375588?
2, 7, 406271
List the prime factors of 770082.
2, 3, 128347
List the prime factors of 130580.
2, 5, 6529
List the prime factors of 1149373.
1149373
What are the prime factors of 42732?
2, 3, 1187
What are the prime factors of 30302?
2, 109, 139
What are the prime factors of 207166?
2, 103583
List the prime factors of 101040.
2, 3, 5, 421
List the prime factors of 1418156.
2, 354539
What are the prime factors of 2895094?
2, 1123, 1289
What are the prime factors of 484987?
484987
What are the prime factors of 12593930?
2, 5, 1259393
What are the prime factors of 4720128?
2, 3, 7, 439
List the prime factors of 150555.
3, 5, 10037
What are the prime factors of 175254?
2, 3, 29209
List the prime factors of 572267.
227, 2521
List the prime factors of 1147468.
2, 7, 107, 383
What are the prime factors of 143690?
2, 5, 14369
List the prime factors of 82048.
2, 641
What are the prime factors of 540176?
2, 7, 13, 53
What are the prime factors of 2185463?
7, 312209
What are the prime factors of 4933953?
3, 60913
What are the prime factors of 1845147?
3, 19, 32371
What are the prime factors of 635866?
2, 7, 11, 4129
List the prime factors of 3918497.
11, 101, 3527
List the prime factors of 16027145.
5, 3205429
What are the prime factors of 1630105?
5, 19, 17159
List the prime factors of 75465.
3, 5, 13, 43
What are the prime factors of 2618733?
3, 13, 83, 809
List the prime factors of 211260.
2, 3, 5, 7, 503
List the prime factors of 8966151.
3, 491, 2029
List the prime factors of 12910733.
11, 79, 83, 179
List the prime factors of 186143.
19, 97, 101
List the prime factors of 36778209.
3, 13, 943031
What are the prime factors of 14502736?
2, 906421
List the prime factors of 9105449.
29, 313981
What are the prime factors of 8970292?
2, 79, 28387
List the prime factors of 142943.
223, 641
List the prime factors of 16977485.
5, 7, 41, 11831
List the prime factors of 463268.
2, 13, 59, 151
List the prime factors of 3051839.
7, 43, 10139
What are the prime factors of 40509?
3, 7, 643
List the prime factors of 706623.
3, 235541
What are the prime factors of 148967?
7, 13, 1637
What are the prime factors of 3585531?
3, 29, 41213
List the prime factors of 2025414.
2, 3, 17, 6619
What are the prime factors of 77041?
77041
What are the prime factors of 26264992?
2, 13, 19, 3323
What are the prime factors of 4808343?
3, 373, 4297
What are the prime factors of 3392898?
2, 3, 565483
What are the prime factors of 904984?
2, 113123
List the prime factors of 118374.
2, 3, 109, 181
What are the prime factors of 22091935?
5, 137, 32251
List the prime factors of 5066.
2, 17, 149
What are the prime factors of 14748479?
41, 359719
List the prime factors of 1996798.
2, 998399
List the prime factors of 3778123.
71, 127, 419
List the prime factors of 129437.
7, 11, 41
What are the prime factors of 517476?
2, 3, 29, 1487
What are the prime factors of 1011475?
5, 40459
List the prime factors of 2164825.
5, 13, 6661
List the prime factors of 97980.
2, 3, 5, 23, 71
What are the prime factors of 453179?
59, 7681
What are the prime factors of 9148092?
2, 3, 229, 3329
List the prime factors of 4458181.
7, 13, 48991
List the prime factors of 119253.
3, 127, 313
What are the prime factors of 2017513?
2017513
What are the prime factors of 2647023?
3, 19, 46439
List the prime factors of 6636792.
2, 3, 43, 59, 109
List the prime factors of 4715524.
2, 11, 107171
List the prime factors of 930990.
2, 3, 5, 31033
List the prime factors of 217247.
53, 4099
What are the prime factors of 7418003?
7418003
What are the prime factors of 19568009?
23, 157, 5419
What are the prime factors of 1515300?
2, 3, 5, 5051
List the prime factors of 109369.
13, 47, 179
What are the prime factors of 685390?
2, 5, 68539
List the prime factors of 3089840.
2, 5, 13, 2971
List the prime factors of 665648.
2, 41603
What are the prime factors of